et z be -1*15*(-2)/6. Suppose 0 = 2*p - 5*u - 34, -z*u + 47 = -p + 2*p. List the prime factors of p.
3
Suppose 116 = 6*v - 4*v. What are the prime factors of v?
2, 29
Let y be ((-4)/(-3))/(4/(-18)). List the prime factors of (-20)/y*(-12)/(-8).
5
Suppose 2*v - w - 2 = -0*w, w - 19 = -5*v. Suppose -18 - 21 = -v*x. What are the prime factors of x?
13
Let d(b) = 3*b**2 - 7*b + 9. What are the prime factors of d(5)?
7
Let p(c) = c - 1. Let v(k) = 1. Let z(d) = 2*p(d) - v(d). List the prime factors of z(3).
3
Suppose -3*o = 2*q - 23, q = -2*o + 4*q + 24. Suppose 0*r + 8*r = 48. Let h = o - r. List the prime factors of h.
3
Suppose -m + 21 + 1 = -4*w, -3*m - 2*w + 10 = 0. Let q = 14 - m. List the prime factors of (q/10)/((-1)/(-5)).
2
Let r be 1*11*9/3. Let t = -21 + r. What are the prime factors of t?
2, 3
Let l = -3 - -4. List the prime factors of (3*l/1)/1.
3
Let h be (1/(-3))/((-5)/90). List the prime factors of (-40)/h*(-24)/10.
2
Let u(i) = i**2 + i - 37. What are the prime factors of u(-11)?
73
Suppose -2*r + 116 = -y, 0*r + y + 58 = r. Let o = r + -36. List the prime factors of o.
2, 11
Suppose 2*l - 3*m + 1 = 19, l + 9 = -3*m. Suppose 4*o - l*o - 27 = -2*h, 3*o - 125 = 5*h. What are the prime factors of o?
5, 7
Suppose -110 = -2*a - 3*a. Let w be 4/a - (-150)/22. Suppose w = i - c - 3, -5*c - 43 = -4*i. List the prime factors of i.
7
Let v = -5 - -8. Suppose y = 3*l - 2*l + 32, -v*y = 5*l - 88. List the prime factors of y.
31
Let c(z) = 2*z**2 - 2. Let j be c(-2). Let r = -4 + j. Let v = 1 + r. List the prime factors of v.
3
Let w = -70 + 43. Let h = w - -54. Suppose -2*b + 15 = m, -3*m = -0*b - 3*b + h. List the prime factors of b.
2
Suppose 3*n - 3 = 2*n. Let y(d) = 9*d - 3. What are the prime factors of y(n)?
2, 3
Suppose 0 = -4*f + 61 + 63. List the prime factors of f.
31
Let c(r) = -2*r - 2. Let b be c(3). Let o be ((-62)/(-8))/((-2)/b). Let l = 43 - o. List the prime factors of l.
2, 3
Suppose 3 = 3*h - 3. Suppose y - j - 23 = 0, -22 = h*y - 3*j - 73. What are the prime factors of y?
2, 3
Let k(i) = -94*i + 5. List the prime factors of k(-3).
7, 41
Let l(v) = -v**2 - 3*v + 4. Let z be l(-3). Let m(u) = -u**3 + 8. Let h be m(0). Suppose -z*n - 10 = 3*a, a - 3*n = 22 - h. What are the prime factors of a?
2
Let m(i) = i**3 + 4*i**2 + i + 5. Let g = -1 + -3. Let r be m(g). What are the prime factors of (1/r)/((-2)/(-4))?
2
Let g be (2 + -3)*45/(-3). Let b be g*2/(-5)*1. What are the prime factors of b/(2*(-1)/2)?
2, 3
Suppose 0*z = 4*z. Suppose j = d, -4*j - 3*d + 21 = -z*j. Suppose -s = 3*s + 4*w - 48, -j*s + 38 = 2*w. List the prime factors of s.
2, 7
Let c(b) = -b**3 - 3*b**2 + 5*b + 3. Let f be c(-3). Let x be ((-2)/(-3))/(4/f). What are the prime factors of (-3 - 1 - x)*-1?
2
Let j(s) = -s**2 - 4*s + 4. Let f = 1 - 4. What are the prime factors of j(f)?
7
Let q be (-376)/(-10) - 2/(-5). Let j = 54 - q. What are the prime factors of j?
2
Let k(x) = -7*x - 3. Let h be (-3 + 0)*(-4)/(-6). List the prime factors of k(h).
11
Let n be (-1)/4 + (-17)/(-4). Suppose -2*d + 20 + n = 0. List the prime factors of d.
2, 3
Let x(n) = -2*n - 8. Let u be x(-6). Suppose 27 = u*m - 29. What are the prime factors of m?
2, 7
Suppose -l - 52 = l. Let s = l - -36. List the prime factors of s.
2, 5
Let r be (-26)/4 - (-4)/8. Let h be 40/(-15) - (-2)/r. What are the prime factors of 6/(h + 0) + 19?
17
Let r = -25 - -35. Let i(n) = 6*n**3. Let l be i(1). Suppose -l*p + r = -p. What are the prime factors of p?
2
Let f = 11 - 16. Let b(w) = 2*w**2 - 1. Let g be b(f). Suppose -3*s + 18 - 69 = -5*u, -g = -5*u + 2*s. List the prime factors of u.
3
Let s(j) = j**3 + 3*j**2 + 2*j + 2. Let v be s(-2). List the prime factors of 9/3 - (v + -35).
2, 3
Let b = 4 + 1. Suppose -2*f + 3*f = b. Suppose -2*o + f*l - 11 = 0, -7*o + 43 = -3*o + 3*l. What are the prime factors of o?
7
Let g be 0 - (-6)/(-9)*-6. Suppose -14 = -g*x + 2. List the prime factors of (-2)/x + (-9)/(-2).
2
Let m = -2 - -2. Suppose -j - 5 = 0, -5*p = -2*j - m*j - 130. List the prime factors of p.
2, 3
Let s = 10 - -6. List the prime factors of s.
2
Let f = 495 - 272. List the prime factors of f.
223
Suppose -2*t - 7 = 5*f, f + 1 + 2 = 0. Let n(m) = m - 1. Let a be n(t). Suppose -l - 5*j = -6*j - a, 0 = -5*l + 3*j + 21. What are the prime factors of l?
2, 3
Suppose -6 = 3*g - 96. List the prime factors of g.
2, 3, 5
Let g be 483/28 - (-1)/(-4). Let w = -11 + g. List the prime factors of w.
2, 3
Let l(c) = -2*c - 6. Let y be l(-8). Let i = 14 - y. Suppose 3*n = -3*x - 9, n = 4*n + i*x + 14. What are the prime factors of n?
2
Let v = 6 + 14. List the prime factors of v.
2, 5
Let k(m) = 44*m**3 - 2*m**2 + 1. Let c be k(1). Let f = c - 30. What are the prime factors of f?
13
Let r = -23 - -38. Suppose t + 4*t = r. What are the prime factors of t?
3
Suppose 3*i = -8*i + 1969. List the prime factors of i.
179
Let s(y) = 42*y + 6. Let n be s(-4). List the prime factors of (-2)/3*n/4.
3
List the prime factors of (-346)/(-8) - 8/32.
43
Suppose 0 = 4*f + 4. Let k = f + 3. What are the prime factors of k?
2
Suppose -y - 26 = 6*i - 2*i, i = -4*y - 119. What are the prime factors of 1/((-2)/y) - -1?
2
Suppose -6*p = -2*p - 8. Suppose -p*c + 86 = 4*o, 0*o + o = c + 14. List the prime factors of o.
19
Let m(q) = 3*q**2 + 1. Let a be m(-1). Suppose a*o - 43 - 29 = 0. List the prime factors of o.
2, 3
Suppose 168 = 4*m - 40. What are the prime factors of (-4)/26 - (-996)/m?
19
Let x = -71 + 86. List the prime factors of x.
3, 5
Let s(d) = 3*d - 1. Let k be s(1). Suppose 35 - 7 = 2*m + v, -m + 11 = k*v. What are the prime factors of m?
3, 5
Let t = -347 + 521. What are the prime factors of t?
2, 3, 29
Suppose 11*v = 7*v + 76. List the prime factors of v.
19
List the prime factors of 4/6*1659/14.
79
Suppose 3*v = -v + 240. Suppose -4*n + v = n - 3*u, -u - 50 = -5*n. List the prime factors of n.
3
What are the prime factors of (-1695)/(-10)*(-6)/(-9)?
113
Let v(t) = t**2 + 6*t - 5. Let k be v(-8). Let c = 30 - k. What are the prime factors of c?
19
Suppose -3*u - 5*f = -0 - 26, 3*f - 8 = 2*u. What are the prime factors of u?
2
Let u(k) = -k**3 - 5*k**2 - k - 5. Let m be u(-5). Suppose m = 3*r - r - 60. Suppose r = 2*j + y - 3*y, 3*j - 44 = 4*y. List the prime factors of j.
2
Let n = 0 + 3. Suppose -2*t - n*t + 20 = 0. Suppose -20 = -3*d + t. List the prime factors of d.
2
Let y(r) = -r**3 + 7*r**2 - 7*r - 2. What are the prime factors of y(5)?
13
Let q(s) = -s**2 - 10*s - 12. Let g be (-4)/((-3)/(-18)*3). List the prime factors of q(g).
2
Suppose -5*x + 523 = 4*q - 273, x = -5*q + 176. Suppose 2*p = -p + x. What are the prime factors of 3/(-6) + p/8?
2, 3
Let k = -5 + 10. Suppose -2*u = 4*o - 46, -4*u + k*o - 95 = -9*u. What are the prime factors of u?
3, 5
Let w(v) = -v**2 - 8*v - 9. Let d be w(-6). Suppose d*g - 27 = -6. List the prime factors of g.
7
Let d(x) be the second derivative of -x**3/6 + 2*x**2 - x. Let n be d(0). What are the prime factors of (2/(-1))/((-1)/n)?
2
Let g be -232*(0 + (-1)/(-2)). Let f = g - -197. Suppose 21 - f = -5*c. List the prime factors of c.
2, 3
Suppose 5*s - b - 189 = -4*b, 0 = s - 4*b - 47. Let y = 22 - 46. Let r = y + s. List the prime factors of r.
3, 5
Let m = -211 - -254. List the prime factors of m.
43
What are the prime factors of (-2)/(-11) - (-1 + 5492/(-44))?
2, 3, 7
Suppose -2*h = -2*z - 0 + 30, -68 = -5*z - 2*h. List the prime factors of z.
2, 7
Let k = 32 + -3. List the prime factors of k.
29
Suppose n = -19 + 59. List the prime factors of n.
2, 5
Let d = -14 + 37. What are the prime factors of d?
23
Let b(v) = 3*v**2 + 4*v + 2. What are the prime factors of b(-8)?
2, 3
Let n(q) = 7*q**3 + 2*q**2 + 2*q + 31. Let b(u) = -4*u**3 - u**2 - u - 16. Let g(m) = 5*b(m) + 3*n(m). List the prime factors of g(0).
13
Let m = 120 + -80. List the prime factors of m.
2, 5
Suppose -5*l - 28 + 378 = 0. Suppose -3*s + l = 19. Suppose z + s = 2*z. What are the prime factors of z?
17
Suppose 2*i = 4, 6*b + 515 = 11*b + 5*i. List the prime factors of b.
101
Let i(t) = 6*t**3 - 2*t**2 + 2*t + 1. Let y be i(2). Suppose 0 = -k + 6 - 3. Suppose 5*q = 3*q - 5*w + 45, 3*q + k*w = y. What are the prime factors of q?
2, 5
Let l(a) = -2*a + 1. Suppose 4*z - 5 = -3*x, -x - 2*z = -3*z + 3. List the pri